564 and z?
44
Suppose 0 = y - 15*q + 20*q - 423, 5*y + 5*q = 2095. What is the greatest common factor of 38 and y?
38
Let p(g) = g**2 - 6*g - 55. Let i be p(-10). Suppose 0 = 4*r - 23 - i. What is the highest common factor of 48 and r?
16
Suppose 11*m = 5*v + 12*m - 1494, 3*v - 895 = -2*m. What is the highest common factor of 13 and v?
13
Let a = 3 - 193. Let v = a - -320. What is the highest common factor of v and 52?
26
Let r(u) be the second derivative of u**4/6 - 10*u**3/3 + 17*u**2/2 - 7*u. Let k be r(15). Let m = 257 - k. Calculate the greatest common divisor of 36 and m.
18
Let q be ((-2)/(-4))/(8/(-80)). Let z = 11 + q. Suppose w = z*w - 150. What is the greatest common factor of 6 and w?
6
Suppose -6*o - 4 = -754. Let f = -105 + o. Calculate the greatest common factor of 100 and f.
20
Let s = 133 - 122. Let l = 6 - -49. What is the highest common factor of s and l?
11
Let c be (4 + 301)*(2 + (-1 - 0)). Calculate the highest common factor of 61 and c.
61
Suppose -2*s + 0*d + 4*d + 148 = 0, d = -2*s + 128. Suppose 12 = 2*y - 3*o + 8*o, 2*y + o - 12 = 0. What is the highest common factor of y and s?
6
Suppose 2*j - 66 + 19 = -27. Let a(g) = 2*g - 1. Let y be a(2). Suppose y*l - 6*l - 81 = -3*n, -n + 4*l + 33 = 0. What is the greatest common factor of n and j?
5
Suppose 3*s + o - 4 = 0, -5*o + 1 = -4. Let z = -15 - -2. Let d = -8 - z. Calculate the highest common divisor of s and d.
1
Suppose -6*j + 2*j + 32 = 0. Let n be 4/8*-1*0. Suppose n*c + 200 = 5*c. What is the highest common divisor of j and c?
8
Let r(j) = j**3 + 17*j**2 + 14*j - 19. Let i be r(-16). Calculate the greatest common factor of 13 and i.
13
Let n be ((-216)/14)/((-21)/392*4). Suppose 2*i + 32 = 6*i. What is the highest common factor of n and i?
8
Let i = 205 + -142. Suppose f - j = i, 4*j - 120 = 5*f - 435. Suppose -5*p = -16*p + 231. What is the greatest common factor of f and p?
21
Let d be (15/4)/(6/(-144)). Let r = d + 153. Suppose -13*z + 17*z - 28 = 0. Calculate the highest common factor of z and r.
7
Let o(i) = 7*i + 13. Let g be o(-6). Let a = 52 + g. Suppose 0 = 5*z - 2*z - 12, 3*m - a = z. What is the greatest common divisor of m and 9?
9
Suppose -2*f - 4 + 10 = 0, -2*f = -4*l + 2. Suppose 0 = -o - t + 174, -4*o = l*t - 564 - 134. Calculate the greatest common divisor of o and 25.
25
Let p(w) = w**2 + 59*w + 183. Let s be p(-56). Let v = 48 - 81. Let x = 108 + v. What is the highest common divisor of s and x?
15
Let x = -9 + 22. Suppose 307 = 11*z - 408. What is the greatest common divisor of x and z?
13
Suppose 55 = 8*l - 9. Let y(d) = d**2 - 4*d - 5. Let s be y(11). Calculate the highest common factor of l and s.
8
Suppose -5*a = -a + 4, -3*t + 121 = -a. Suppose -3*v = -v - t. Calculate the highest common divisor of v and 140.
20
Let p(c) = 20 + 0*c**3 + 63*c**2 - 62*c**2 + c**3. Let d be p(0). What is the greatest common divisor of d and 80?
20
Let z be -13*(5 + 1 + -7). Let p(o) = o**3 - 3*o**2 - 4*o - 4. Let x = 6 - 1. Let v be p(x). Calculate the greatest common divisor of z and v.
13
Let n = -37 - -136. What is the highest common divisor of n and 9?
9
Let s = 176 + -164. Calculate the greatest common factor of 96 and s.
12
Let n be (-12 - -32)*(-63)/(-4). Let m = -89 + n. Let s = m - 93. What is the highest common factor of s and 19?
19
Let u be (-2 - 9/((-6)/6)) + 0. Calculate the highest common divisor of 497 and u.
7
Let d(i) = 6*i**2 + 5*i - 27. Let z be d(11). Suppose 142 - z = -4*p. Let g be p/5 + (-8)/(-20). Calculate the greatest common factor of g and 31.
31
Suppose 13*u = 20*u - 616. Calculate the highest common factor of u and 22.
22
Suppose -20*o + 21*o - 5*s - 48 = 0, 3*o - 4*s = 144. Calculate the highest common factor of 16 and o.
16
Suppose -120 = 7*g - 3*g. Let n be (24/g)/((-6)/45). What is the greatest common factor of 15 and n?
3
Let b = 1 - -1. Suppose -5 - 3 = -b*c. Suppose 3*g + 3*t = 5*t + 14, c*t - 8 = -3*g. Calculate the highest common divisor of 4 and g.
4
Let w = -216 - -576. Let k = w - 216. Calculate the greatest common divisor of 16 and k.
16
Let a(u) = -25*u - 4. Suppose 0*q = 5*q - 15. Suppose q*y + 12 = -3. Let k be a(y). Calculate the greatest common factor of 11 and k.
11
Let g(h) = -h**2 - 17*h - 64. Let a be g(-7). Let w = 18 - 9. Calculate the highest common divisor of a and w.
3
Suppose q = 30 + 32. Let s = q - 32. Let l be s*8/100*5. Calculate the greatest common divisor of l and 3.
3
Let r be 6/2 - (-336)/12. Let z = r - -14. Calculate the highest common factor of z and 15.
15
Let h(o) = -o + 3. Let m be h(0). Suppose 5*v + 2*j - 108 = 0, -m*v - 35 = 5*j - 115. Let n = v - 4. Calculate the highest common factor of 112 and n.
16
Suppose -43 = -259*y + 475. Let q = 2 + 4. What is the highest common divisor of y and q?
2
Let y = 363 + -165. Calculate the highest common factor of y and 36.
18
Let g(x) = x - 11. Let f be g(9). Let c be (4 + -5)*f - -5. Suppose 0 = -5*p + c*p - 12. What is the greatest common divisor of 54 and p?
6
Let h(n) = -n**3 - 13*n**2 + n + 15. Let m be (2/6)/(1864/312 - 6). Let p be h(m). What is the highest common factor of p and 5?
1
Suppose 5*j = 3*o - 4*o + 673, 0 = 5*j + 3*o - 669. Let g be 10/3*(-27)/(-6). What is the greatest common factor of g and j?
15
Suppose 2*k - 8 = 0, 0*g - k - 458 = -3*g. Suppose 0 = -2*o + 13*o - g. Calculate the greatest common factor of o and 35.
7
Let z = 296 + -104. Suppose 4*j = z + 24. Let g be 28 + (1 - 0 - 2). What is the highest common factor of j and g?
27
Let j = 5 + -3. Let x be 2/(-3)*(-21)/(-14). Let q be -6*x/8*4. Calculate the highest common divisor of q and j.
1
Let f = 7 + -5. Let n be (f - 3/3)/1. Suppose 9 + n = -2*i, 4*g - 29 = 5*i. Calculate the highest common divisor of 9 and g.
1
Let v be ((-301)/(-7))/(2/10). Calculate the highest common divisor of v and 172.
43
Let z(q) = -q**2 - 12*q + 17. Let j be z(-13). What is the highest common divisor of j and 508?
4
Let l(q) = -q**3 + 4*q**2 - 4*q + 2. Let k be l(2). Suppose -24 = -k*d + d. Suppose -4*f + d + 588 = 0. What is the highest common factor of f and 17?
17
Let t be (4 + -4)/3 - -2. Suppose 0*x - t*x = -4. Suppose -5*r + 1037 = b, 5*r - x*r + 3*b = 615. Calculate the highest common factor of r and 26.
26
Let j = -73 - -85. Suppose 0 = -3*c + 20 + 25. Suppose -c*a = -j*a - 165. Calculate the greatest common factor of 5 and a.
5
Let i = -742 - -913. Calculate the highest common divisor of i and 38.
19
Let p = -1119 - -1120. What is the highest common divisor of 53 and p?
1
Let c = 0 - -4. Suppose 3*p - 11 = c. Suppose k - 5 = -2*u + 3, 0 = -4*k - 3*u + 17. Calculate the highest common divisor of k and p.
1
Let r(b) = 12*b**2. Let m be r(1). Suppose o = -3*o + m. Let a be (-320)/(-28) - o/7. Calculate the highest common factor of 33 and a.
11
Suppose 3*v + 22 = -3*t + 103, -v - 69 = -3*t. What is the greatest common divisor of t and 1?
1
Let f be 222/(-27)*-3*(9 - -150). Calculate the highest common divisor of f and 74.
74
Let u(l) = 12*l**2 - l - 1. Let v be u(-1). Let q be -9 + -3 + (119 - -1). Calculate the greatest common factor of q and v.
12
Let z(r) = 4*r**2 - 15 - r**2 - 6*r**2 - 19*r + 2*r**2. Let w be z(-17). Calculate the greatest common divisor of w and 152.
19
Suppose -51 = 5*h - 126. Let x = 113 - 98. Calculate the greatest common factor of h and x.
15
Let n(d) = d**2 - 3*d - 19. Let g be n(9). Calculate the highest common factor of 28 and g.
7
Let b = -100 - -118. What is the greatest common divisor of b and 90?
18
Suppose 2 - 5 = -h. Let d = 208 - 192. Suppose 5*u + 17 = -4*l + 61, 3*u - d = -5*l. Calculate the greatest common divisor of h and u.
3
Let x = 214 + -154. What is the highest common factor of x and 15?
15
Let v(m) be the first derivative of -m**4/4 + 5*m**3/3 - 3*m**2/2 + 4. Let i be v(4). Suppose -i*s + 55 = s. Calculate the greatest common divisor of 33 and s.
11
Suppose -657 = -3*t - 4*d, 6*d = 5*t + 9*d - 1084. Calculate the greatest common divisor of 172 and t.
43
Let s be 1 + 411/9 - (-4)/(-6). What is the highest common factor of 6 and s?
2
Let q(g) = 3*g - 1. Let r be q(8). Let v(s) = -3*s**2 + 50*s + 37. Let m be v(16). What is the greatest common factor of m and r?
23
Let f(g) = 0*g - 4*g - 27 + g + 6*g. Let o be f(12). What is the greatest co